{"id":2875,"date":"2020-02-14T19:29:13","date_gmt":"2020-02-14T19:29:13","guid":{"rendered":"http:\/\/loricestetic.com.br\/?post_type=tribe_events&#038;p=2875"},"modified":"2020-02-14T19:29:13","modified_gmt":"2020-02-14T19:29:13","slug":"imersao-em-ultra-som-micro-focado-no-itaim-bibi","status":"publish","type":"tribe_events","link":"https:\/\/loricestetic.com.br\/index.php\/evento\/imersao-em-ultra-som-micro-focado-no-itaim-bibi\/","title":{"rendered":"Imers\u00e3o em ultra som micro focado no Itaim bibi"},"content":{"rendered":"<p><img decoding=\"async\" class=\"alignnone size-full wp-image-2876\" src=\"https:\/\/loricestetic.com.br\/wp-content\/uploads\/2020\/02\/WhatsApp-Image-2020-02-05-at-19.10.57.jpeg\" alt=\"\" width=\"100%\" srcset=\"https:\/\/loricestetic.com.br\/wp-content\/uploads\/2020\/02\/WhatsApp-Image-2020-02-05-at-19.10.57.jpeg 1280w, https:\/\/loricestetic.com.br\/wp-content\/uploads\/2020\/02\/WhatsApp-Image-2020-02-05-at-19.10.57-150x150.jpeg 150w, https:\/\/loricestetic.com.br\/wp-content\/uploads\/2020\/02\/WhatsApp-Image-2020-02-05-at-19.10.57-300x300.jpeg 300w, https:\/\/loricestetic.com.br\/wp-content\/uploads\/2020\/02\/WhatsApp-Image-2020-02-05-at-19.10.57-768x768.jpeg 768w, https:\/\/loricestetic.com.br\/wp-content\/uploads\/2020\/02\/WhatsApp-Image-2020-02-05-at-19.10.57-1024x1024.jpeg 1024w, https:\/\/loricestetic.com.br\/wp-content\/uploads\/2020\/02\/WhatsApp-Image-2020-02-05-at-19.10.57-500x500.jpeg 500w, https:\/\/loricestetic.com.br\/wp-content\/uploads\/2020\/02\/WhatsApp-Image-2020-02-05-at-19.10.57-400x400.jpeg 400w\" sizes=\"(max-width: 1280px) 100vw, 1280px\" \/><\/p>\n<p>Investimento: 1600,00 reais em 5 x no cart\u00e3o.<br \/>\nA vista 1490,00 at\u00e9 o dia 10\/03.<\/p>\n<p>Neste valor incluso 100 disparos para o aluno praticar &#8211; apostila &#8211; certifica\u00e7\u00e3o.<\/p>\n<p>Inscri\u00e7\u00f5es limitadas.<br \/>\nGrupos com apenas 8 alunos em sala<\/p>\n<p>Conta para dep\u00f3sito:<br \/>\nBradesco<br \/>\nAg\u00eancia 3193-3<br \/>\nConta corrente 1692-6<br \/>\nCPF 075246838-39<\/p>\n<p>O valor do dep\u00f3sito para garantir sua vaga deve ser feito at\u00e9 5\/03 no valor de 400,00 reais ( a diferen\u00e7a a pagar no cart\u00e3o no dia do curso )<\/p>\n","protected":false},"excerpt":{"rendered":"<p>Investimento: 1600,00 reais em 5 x no cart\u00e3o. A vista 1490,00 at\u00e9 o dia 10\/03. Neste valor incluso 100 disparos para o aluno praticar &#8211; [&hellip;]<\/p>\n","protected":false},"author":1,"featured_media":0,"template":"","meta":{"_tribe_events_status":"","_tribe_events_status_reason":"","footnotes":""},"tags":[],"tribe_events_cat":[3],"class_list":["post-2875","tribe_events","type-tribe_events","status-publish","hentry","tribe_events_cat-cursos-nacionais","cat_cursos-nacionais"],"yoast_head":"<!-- This site is optimized with the Yoast SEO plugin v26.2 - https:\/\/yoast.com\/wordpress\/plugins\/seo\/ -->\n<title>Imers\u00e3o em ultra som micro focado no Itaim bibi - Lorice - Fisioterapia e Est\u00e9tica<\/title>\n<meta name=\"robots\" content=\"index, follow, max-snippet:-1, max-image-preview:large, max-video-preview:-1\" \/>\n<link rel=\"canonical\" href=\"https:\/\/loricestetic.com.br\/index.php\/evento\/imersao-em-ultra-som-micro-focado-no-itaim-bibi\/\" \/>\n<meta property=\"og:locale\" content=\"pt_BR\" \/>\n<meta property=\"og:type\" content=\"article\" \/>\n<meta property=\"og:title\" content=\"Imers\u00e3o em ultra som micro focado no Itaim bibi - Lorice - Fisioterapia e Est\u00e9tica\" \/>\n<meta property=\"og:description\" content=\"Investimento: 1600,00 reais em 5 x no cart\u00e3o. A vista 1490,00 at\u00e9 o dia 10\/03. Neste valor incluso 100 disparos para o aluno praticar &#8211; [&hellip;]\" \/>\n<meta property=\"og:url\" content=\"https:\/\/loricestetic.com.br\/index.php\/evento\/imersao-em-ultra-som-micro-focado-no-itaim-bibi\/\" \/>\n<meta property=\"og:site_name\" content=\"Lorice - Fisioterapia e Est\u00e9tica\" \/>\n<meta property=\"og:image\" content=\"http:\/\/loricestetic.com.br\/wp-content\/uploads\/2020\/02\/WhatsApp-Image-2020-02-05-at-19.10.57.jpeg\" \/>\n<meta name=\"twitter:card\" content=\"summary_large_image\" \/>\n<script type=\"application\/ld+json\" class=\"yoast-schema-graph\">{\"@context\":\"https:\/\/schema.org\",\"@graph\":[{\"@type\":\"WebPage\",\"@id\":\"https:\/\/loricestetic.com.br\/index.php\/evento\/imersao-em-ultra-som-micro-focado-no-itaim-bibi\/\",\"url\":\"https:\/\/loricestetic.com.br\/index.php\/evento\/imersao-em-ultra-som-micro-focado-no-itaim-bibi\/\",\"name\":\"Imers\u00e3o em ultra som micro focado no Itaim bibi - Lorice - Fisioterapia e Est\u00e9tica\",\"isPartOf\":{\"@id\":\"https:\/\/loricestetic.com.br\/#website\"},\"primaryImageOfPage\":{\"@id\":\"https:\/\/loricestetic.com.br\/index.php\/evento\/imersao-em-ultra-som-micro-focado-no-itaim-bibi\/#primaryimage\"},\"image\":{\"@id\":\"https:\/\/loricestetic.com.br\/index.php\/evento\/imersao-em-ultra-som-micro-focado-no-itaim-bibi\/#primaryimage\"},\"thumbnailUrl\":\"http:\/\/loricestetic.com.br\/wp-content\/uploads\/2020\/02\/WhatsApp-Image-2020-02-05-at-19.10.57.jpeg\",\"datePublished\":\"2020-02-14T19:29:13+00:00\",\"breadcrumb\":{\"@id\":\"https:\/\/loricestetic.com.br\/index.php\/evento\/imersao-em-ultra-som-micro-focado-no-itaim-bibi\/#breadcrumb\"},\"inLanguage\":\"pt-BR\",\"potentialAction\":[{\"@type\":\"ReadAction\",\"target\":[\"https:\/\/loricestetic.com.br\/index.php\/evento\/imersao-em-ultra-som-micro-focado-no-itaim-bibi\/\"]}]},{\"@type\":\"ImageObject\",\"inLanguage\":\"pt-BR\",\"@id\":\"https:\/\/loricestetic.com.br\/index.php\/evento\/imersao-em-ultra-som-micro-focado-no-itaim-bibi\/#primaryimage\",\"url\":\"http:\/\/loricestetic.com.br\/wp-content\/uploads\/2020\/02\/WhatsApp-Image-2020-02-05-at-19.10.57.jpeg\",\"contentUrl\":\"http:\/\/loricestetic.com.br\/wp-content\/uploads\/2020\/02\/WhatsApp-Image-2020-02-05-at-19.10.57.jpeg\"},{\"@type\":\"BreadcrumbList\",\"@id\":\"https:\/\/loricestetic.com.br\/index.php\/evento\/imersao-em-ultra-som-micro-focado-no-itaim-bibi\/#breadcrumb\",\"itemListElement\":[{\"@type\":\"ListItem\",\"position\":1,\"name\":\"In\u00edcio\",\"item\":\"https:\/\/loricestetic.com.br\/\"},{\"@type\":\"ListItem\",\"position\":2,\"name\":\"Eventos\",\"item\":\"https:\/\/loricestetic.com.br\/index.php\/eventos\/\"},{\"@type\":\"ListItem\",\"position\":3,\"name\":\"Imers\u00e3o em ultra som micro focado no Itaim bibi\"}]},{\"@type\":\"WebSite\",\"@id\":\"https:\/\/loricestetic.com.br\/#website\",\"url\":\"https:\/\/loricestetic.com.br\/\",\"name\":\"Lorice - Fisioterapia e Est\u00e9tica\",\"description\":\"\",\"publisher\":{\"@id\":\"https:\/\/loricestetic.com.br\/#organization\"},\"potentialAction\":[{\"@type\":\"SearchAction\",\"target\":{\"@type\":\"EntryPoint\",\"urlTemplate\":\"https:\/\/loricestetic.com.br\/?s={search_term_string}\"},\"query-input\":{\"@type\":\"PropertyValueSpecification\",\"valueRequired\":true,\"valueName\":\"search_term_string\"}}],\"inLanguage\":\"pt-BR\"},{\"@type\":\"Organization\",\"@id\":\"https:\/\/loricestetic.com.br\/#organization\",\"name\":\"Lorice - Fisioterapia e Est\u00e9tica\",\"url\":\"https:\/\/loricestetic.com.br\/\",\"logo\":{\"@type\":\"ImageObject\",\"inLanguage\":\"pt-BR\",\"@id\":\"https:\/\/loricestetic.com.br\/#\/schema\/logo\/image\/\",\"url\":\"https:\/\/loricestetic.com.br\/wp-content\/uploads\/2015\/09\/cropped-logo.png\",\"contentUrl\":\"https:\/\/loricestetic.com.br\/wp-content\/uploads\/2015\/09\/cropped-logo.png\",\"width\":160,\"height\":83,\"caption\":\"Lorice - Fisioterapia e Est\u00e9tica\"},\"image\":{\"@id\":\"https:\/\/loricestetic.com.br\/#\/schema\/logo\/image\/\"}}]}<\/script>\n<!-- \/ Yoast SEO plugin. -->","yoast_head_json":{"title":"Imers\u00e3o em ultra som micro focado no Itaim bibi - Lorice - Fisioterapia e Est\u00e9tica","robots":{"index":"index","follow":"follow","max-snippet":"max-snippet:-1","max-image-preview":"max-image-preview:large","max-video-preview":"max-video-preview:-1"},"canonical":"https:\/\/loricestetic.com.br\/index.php\/evento\/imersao-em-ultra-som-micro-focado-no-itaim-bibi\/","og_locale":"pt_BR","og_type":"article","og_title":"Imers\u00e3o em ultra som micro focado no Itaim bibi - Lorice - Fisioterapia e Est\u00e9tica","og_description":"Investimento: 1600,00 reais em 5 x no cart\u00e3o. A vista 1490,00 at\u00e9 o dia 10\/03. Neste valor incluso 100 disparos para o aluno praticar &#8211; [&hellip;]","og_url":"https:\/\/loricestetic.com.br\/index.php\/evento\/imersao-em-ultra-som-micro-focado-no-itaim-bibi\/","og_site_name":"Lorice - Fisioterapia e Est\u00e9tica","og_image":[{"url":"http:\/\/loricestetic.com.br\/wp-content\/uploads\/2020\/02\/WhatsApp-Image-2020-02-05-at-19.10.57.jpeg","type":"","width":"","height":""}],"twitter_card":"summary_large_image","schema":{"@context":"https:\/\/schema.org","@graph":[{"@type":"WebPage","@id":"https:\/\/loricestetic.com.br\/index.php\/evento\/imersao-em-ultra-som-micro-focado-no-itaim-bibi\/","url":"https:\/\/loricestetic.com.br\/index.php\/evento\/imersao-em-ultra-som-micro-focado-no-itaim-bibi\/","name":"Imers\u00e3o em ultra som micro focado no Itaim bibi - Lorice - Fisioterapia e Est\u00e9tica","isPartOf":{"@id":"https:\/\/loricestetic.com.br\/#website"},"primaryImageOfPage":{"@id":"https:\/\/loricestetic.com.br\/index.php\/evento\/imersao-em-ultra-som-micro-focado-no-itaim-bibi\/#primaryimage"},"image":{"@id":"https:\/\/loricestetic.com.br\/index.php\/evento\/imersao-em-ultra-som-micro-focado-no-itaim-bibi\/#primaryimage"},"thumbnailUrl":"http:\/\/loricestetic.com.br\/wp-content\/uploads\/2020\/02\/WhatsApp-Image-2020-02-05-at-19.10.57.jpeg","datePublished":"2020-02-14T19:29:13+00:00","breadcrumb":{"@id":"https:\/\/loricestetic.com.br\/index.php\/evento\/imersao-em-ultra-som-micro-focado-no-itaim-bibi\/#breadcrumb"},"inLanguage":"pt-BR","potentialAction":[{"@type":"ReadAction","target":["https:\/\/loricestetic.com.br\/index.php\/evento\/imersao-em-ultra-som-micro-focado-no-itaim-bibi\/"]}]},{"@type":"ImageObject","inLanguage":"pt-BR","@id":"https:\/\/loricestetic.com.br\/index.php\/evento\/imersao-em-ultra-som-micro-focado-no-itaim-bibi\/#primaryimage","url":"http:\/\/loricestetic.com.br\/wp-content\/uploads\/2020\/02\/WhatsApp-Image-2020-02-05-at-19.10.57.jpeg","contentUrl":"http:\/\/loricestetic.com.br\/wp-content\/uploads\/2020\/02\/WhatsApp-Image-2020-02-05-at-19.10.57.jpeg"},{"@type":"BreadcrumbList","@id":"https:\/\/loricestetic.com.br\/index.php\/evento\/imersao-em-ultra-som-micro-focado-no-itaim-bibi\/#breadcrumb","itemListElement":[{"@type":"ListItem","position":1,"name":"In\u00edcio","item":"https:\/\/loricestetic.com.br\/"},{"@type":"ListItem","position":2,"name":"Eventos","item":"https:\/\/loricestetic.com.br\/index.php\/eventos\/"},{"@type":"ListItem","position":3,"name":"Imers\u00e3o em ultra som micro focado no Itaim bibi"}]},{"@type":"WebSite","@id":"https:\/\/loricestetic.com.br\/#website","url":"https:\/\/loricestetic.com.br\/","name":"Lorice - Fisioterapia e Est\u00e9tica","description":"","publisher":{"@id":"https:\/\/loricestetic.com.br\/#organization"},"potentialAction":[{"@type":"SearchAction","target":{"@type":"EntryPoint","urlTemplate":"https:\/\/loricestetic.com.br\/?s={search_term_string}"},"query-input":{"@type":"PropertyValueSpecification","valueRequired":true,"valueName":"search_term_string"}}],"inLanguage":"pt-BR"},{"@type":"Organization","@id":"https:\/\/loricestetic.com.br\/#organization","name":"Lorice - Fisioterapia e Est\u00e9tica","url":"https:\/\/loricestetic.com.br\/","logo":{"@type":"ImageObject","inLanguage":"pt-BR","@id":"https:\/\/loricestetic.com.br\/#\/schema\/logo\/image\/","url":"https:\/\/loricestetic.com.br\/wp-content\/uploads\/2015\/09\/cropped-logo.png","contentUrl":"https:\/\/loricestetic.com.br\/wp-content\/uploads\/2015\/09\/cropped-logo.png","width":160,"height":83,"caption":"Lorice - Fisioterapia e Est\u00e9tica"},"image":{"@id":"https:\/\/loricestetic.com.br\/#\/schema\/logo\/image\/"}}]}},"_links":{"self":[{"href":"https:\/\/loricestetic.com.br\/index.php\/wp-json\/wp\/v2\/tribe_events\/2875","targetHints":{"allow":["GET"]}}],"collection":[{"href":"https:\/\/loricestetic.com.br\/index.php\/wp-json\/wp\/v2\/tribe_events"}],"about":[{"href":"https:\/\/loricestetic.com.br\/index.php\/wp-json\/wp\/v2\/types\/tribe_events"}],"author":[{"embeddable":true,"href":"https:\/\/loricestetic.com.br\/index.php\/wp-json\/wp\/v2\/users\/1"}],"version-history":[{"count":1,"href":"https:\/\/loricestetic.com.br\/index.php\/wp-json\/wp\/v2\/tribe_events\/2875\/revisions"}],"predecessor-version":[{"id":2877,"href":"https:\/\/loricestetic.com.br\/index.php\/wp-json\/wp\/v2\/tribe_events\/2875\/revisions\/2877"}],"wp:attachment":[{"href":"https:\/\/loricestetic.com.br\/index.php\/wp-json\/wp\/v2\/media?parent=2875"}],"wp:term":[{"taxonomy":"post_tag","embeddable":true,"href":"https:\/\/loricestetic.com.br\/index.php\/wp-json\/wp\/v2\/tags?post=2875"},{"taxonomy":"tribe_events_cat","embeddable":true,"href":"https:\/\/loricestetic.com.br\/index.php\/wp-json\/wp\/v2\/tribe_events_cat?post=2875"}],"curies":[{"name":"wp","href":"https:\/\/api.w.org\/{rel}","templated":true}]}}

Imersão em ultra som micro focado no Itaim bibi

<p><img decoding="async" class="alignnone size-full wp-image-2876" src="https://loricestetic.com.br/wp-content/uploads/2020/02/WhatsApp-Image-2020-02-05-at-19.10.57.jpeg" alt="" width="100%" srcset="https://loricestetic.com.br/wp-content/uploads/2020/02/WhatsApp-Image-2020-02-05-at-19.10.57.jpeg 1280w, https://loricestetic.com.br/wp-content/uploads/2020/02/WhatsApp-Image-2020-02-05-at-19.10.57-150x150.jpeg 150w, https://loricestetic.com.br/wp-content/uploads/2020/02/WhatsApp-Image-2020-02-05-at-19.10.57-300x300.jpeg 300w, https://loricestetic.com.br/wp-content/uploads/2020/02/WhatsApp-Image-2020-02-05-at-19.10.57-768x768.jpeg 768w, https://loricestetic.com.br/wp-content/uploads/2020/02/WhatsApp-Image-2020-02-05-at-19.10.57-1024x1024.jpeg 1024w, https://loricestetic.com.br/wp-content/uploads/2020/02/WhatsApp-Image-2020-02-05-at-19.10.57-500x500.jpeg 500w, https://loricestetic.com.br/wp-content/uploads/2020/02/WhatsApp-Image-2020-02-05-at-19.10.57-400x400.jpeg 400w" sizes="(max-width: 1280px) 100vw, 1280px" /></p>
<p>Investimento: 1600,00 reais em 5 x no cartão.<br />
A vista 1490,00 até o dia 10/03.</p>
<p>Neste valor incluso 100 disparos para o aluno praticar &#8211; apostila &#8211; certificação.</p>
<p>Inscrições limitadas.<br />
Grupos com apenas 8 alunos em sala</p>
<p>Conta para depósito:<br />
Bradesco<br />
Agência 3193-3<br />
Conta corrente 1692-6<br />
CPF 075246838-39</p>
<p>O valor do depósito para garantir sua vaga deve ser feito até 5/03 no valor de 400,00 reais ( a diferença a pagar no cartão no dia do curso )</p>

<p>Investimento: 1600,00 reais em 5 x no cartão. A vista 1490,00 até o dia 10/03. Neste valor incluso 100 disparos para o aluno praticar &#8211; [&hellip;]</p>

<!-- This site is optimized with the Yoast SEO plugin v26.2 - https://yoast.com/wordpress/plugins/seo/ -->
<title>Imersão em ultra som micro focado no Itaim bibi - Lorice - Fisioterapia e Estética</title>
<meta name="robots" content="index, follow, max-snippet:-1, max-image-preview:large, max-video-preview:-1" />
<link rel="canonical" href="https://loricestetic.com.br/index.php/evento/imersao-em-ultra-som-micro-focado-no-itaim-bibi/" />
<meta property="og:locale" content="pt_BR" />
<meta property="og:type" content="article" />
<meta property="og:title" content="Imersão em ultra som micro focado no Itaim bibi - Lorice - Fisioterapia e Estética" />
<meta property="og:description" content="Investimento: 1600,00 reais em 5 x no cartão. A vista 1490,00 até o dia 10/03. Neste valor incluso 100 disparos para o aluno praticar &#8211; [&hellip;]" />
<meta property="og:url" content="https://loricestetic.com.br/index.php/evento/imersao-em-ultra-som-micro-focado-no-itaim-bibi/" />
<meta property="og:site_name" content="Lorice - Fisioterapia e Estética" />
<meta property="og:image" content="http://loricestetic.com.br/wp-content/uploads/2020/02/WhatsApp-Image-2020-02-05-at-19.10.57.jpeg" />
<meta name="twitter:card" content="summary_large_image" />
<script type="application/ld+json" class="yoast-schema-graph">{"@context":"https://schema.org","@graph":[{"@type":"WebPage","@id":"https://loricestetic.com.br/index.php/evento/imersao-em-ultra-som-micro-focado-no-itaim-bibi/","url":"https://loricestetic.com.br/index.php/evento/imersao-em-ultra-som-micro-focado-no-itaim-bibi/","name":"Imersão em ultra som micro focado no Itaim bibi - Lorice - Fisioterapia e Estética","isPartOf":{"@id":"https://loricestetic.com.br/#website"},"primaryImageOfPage":{"@id":"https://loricestetic.com.br/index.php/evento/imersao-em-ultra-som-micro-focado-no-itaim-bibi/#primaryimage"},"image":{"@id":"https://loricestetic.com.br/index.php/evento/imersao-em-ultra-som-micro-focado-no-itaim-bibi/#primaryimage"},"thumbnailUrl":"http://loricestetic.com.br/wp-content/uploads/2020/02/WhatsApp-Image-2020-02-05-at-19.10.57.jpeg","datePublished":"2020-02-14T19:29:13+00:00","breadcrumb":{"@id":"https://loricestetic.com.br/index.php/evento/imersao-em-ultra-som-micro-focado-no-itaim-bibi/#breadcrumb"},"inLanguage":"pt-BR","potentialAction":[{"@type":"ReadAction","target":["https://loricestetic.com.br/index.php/evento/imersao-em-ultra-som-micro-focado-no-itaim-bibi/"]}]},{"@type":"ImageObject","inLanguage":"pt-BR","@id":"https://loricestetic.com.br/index.php/evento/imersao-em-ultra-som-micro-focado-no-itaim-bibi/#primaryimage","url":"http://loricestetic.com.br/wp-content/uploads/2020/02/WhatsApp-Image-2020-02-05-at-19.10.57.jpeg","contentUrl":"http://loricestetic.com.br/wp-content/uploads/2020/02/WhatsApp-Image-2020-02-05-at-19.10.57.jpeg"},{"@type":"BreadcrumbList","@id":"https://loricestetic.com.br/index.php/evento/imersao-em-ultra-som-micro-focado-no-itaim-bibi/#breadcrumb","itemListElement":[{"@type":"ListItem","position":1,"name":"Início","item":"https://loricestetic.com.br/"},{"@type":"ListItem","position":2,"name":"Eventos","item":"https://loricestetic.com.br/index.php/eventos/"},{"@type":"ListItem","position":3,"name":"Imersão em ultra som micro focado no Itaim bibi"}]},{"@type":"WebSite","@id":"https://loricestetic.com.br/#website","url":"https://loricestetic.com.br/","name":"Lorice - Fisioterapia e Estética","description":"","publisher":{"@id":"https://loricestetic.com.br/#organization"},"potentialAction":[{"@type":"SearchAction","target":{"@type":"EntryPoint","urlTemplate":"https://loricestetic.com.br/?s={search_term_string}"},"query-input":{"@type":"PropertyValueSpecification","valueRequired":true,"valueName":"search_term_string"}}],"inLanguage":"pt-BR"},{"@type":"Organization","@id":"https://loricestetic.com.br/#organization","name":"Lorice - Fisioterapia e Estética","url":"https://loricestetic.com.br/","logo":{"@type":"ImageObject","inLanguage":"pt-BR","@id":"https://loricestetic.com.br/#/schema/logo/image/","url":"https://loricestetic.com.br/wp-content/uploads/2015/09/cropped-logo.png","contentUrl":"https://loricestetic.com.br/wp-content/uploads/2015/09/cropped-logo.png","width":160,"height":83,"caption":"Lorice - Fisioterapia e Estética"},"image":{"@id":"https://loricestetic.com.br/#/schema/logo/image/"}}]}</script>
<!-- / Yoast SEO plugin. -->

Imersão em ultra som micro focado no Itaim bibi - Lorice - Fisioterapia e Estética

Investimento: 1600,00 reais em 5 x no cartão. A vista 1490,00 até o dia 10/03. Neste valor incluso 100 disparos para o aluno praticar &#8211; [&hellip;]

Lorice - Fisioterapia e Estética

Início
