{"id":2380,"date":"2017-03-28T12:47:47","date_gmt":"2017-03-28T12:47:47","guid":{"rendered":"http:\/\/loricestetic.com.br\/?post_type=tribe_events&#038;p=2380"},"modified":"2017-03-28T14:53:06","modified_gmt":"2017-03-28T14:53:06","slug":"congresso-hair-brasil-sp-data-22-de-abril-dra-lorice-palestra","status":"publish","type":"tribe_events","link":"https:\/\/loricestetic.com.br\/index.php\/evento\/congresso-hair-brasil-sp-data-22-de-abril-dra-lorice-palestra\/","title":{"rendered":"CONGRESSO HAIR BRASIL &#8211; SP &#8211; DATA 22 DE ABRIL DRA LORICE PALESTRA"},"content":{"rendered":"<h3 style=\"text-align: center;\"><strong>Expo Center Norte &#8211; S\u00e3o Paulo<\/strong><\/h3>\n<p>&nbsp;<\/p>\n<p><strong><em>\u2022 Como atuar na contram\u00e3o de crises e captar novos clientes<\/em><\/strong><\/p>\n<p><strong>Maria Rita Resende<\/strong><br \/>\nP\u00f3s-graduada com t\u00edtulo de especialista em Gest\u00e3o Da Cosmetologia \u2013 Faculdade de Educa\u00e7\u00e3o e Cultura Montessori \u2013 S\u00e3o Paulo -SP. Fundadora da Valmari Laborat\u00f3rios Dermocosm\u00e9ticos e do Centro de Estudos de Cosmetologia Aplicada \u2013 Escola T\u00e9cnica da \u00c1rea da Sa\u00fade; diretora da ABC \u2013 Associa\u00e7\u00e3o Brasileira de Cosmetologia \u2013 SP; desde 1973 dedica-se a estudos, pesquisas e o ensino da Cosmetologia Aplicada, desenvolvendo e ministrando cursos de forma\u00e7\u00e3o e aperfei\u00e7oamento nesta \u00e1rea; autora de trabalhos cient\u00edficos apresentados em congressos no Brasil e no exterior e coordenadora de congressos e eventos na \u00e1rea de cosmetologia e beleza.<\/p>\n<p>&nbsp;<\/p>\n<hr \/>\n<p>&nbsp;<\/p>\n<p><strong><em>\u2022 Dermocosm\u00e9ticos associados a protocolos com radio frequ\u00eancia<\/em><\/strong><\/p>\n<p><strong>Lorice Issa Miguel<\/strong><br \/>\nFisioterapeuta Formada pela UFSCar (Universidade Federal de S\u00e3o Carlos), diretora e propriet\u00e1ria consult\u00f3rio Lorice Stetic , forma\u00e7\u00e3o Internacional em Drenagem Linf\u00e1tica, diretora e organizadora oficial de Leduc Method no Brasil.<\/p>\n<p>&nbsp;<\/p>\n<hr \/>\n<p>&nbsp;<\/p>\n<p><strong><em>\u2022 Novas tend\u00eancias de tecnologia na Est\u00e9tica &#8211; By Fismatek<\/em><\/strong><\/p>\n<p><strong>Rafael Ferreira<\/strong><br \/>\nFormado em farm\u00e1cia e p\u00f3s graduado em Marketing e MBA em cosmetologia. \u00c9 mestre em ci\u00eancia da sa\u00fade . Doutor em medicina Celular e Molecular.<\/p>\n<p>&nbsp;<\/p>\n<hr \/>\n<p>&nbsp;<\/p>\n<p><strong><em>\u2022 Dermotaping Corporal e Facial com massofilaxia especifica<\/em><\/strong><\/p>\n<p><strong>Leticia Pepe<\/strong><br \/>\nDiretora do Centro de Forma\u00e7\u00e3o Profissional em Est\u00e9tica Hospitalar. Coordenadora acad\u00eamica da Faculdade de Cosmiatria J. F. Kennedy. Esteticista no Servi\u00e7o de Cirurgia Pl\u00e1stica do Hospital Cosme Argerich.<\/p>\n","protected":false},"excerpt":{"rendered":"<p>Expo Center Norte &#8211; S\u00e3o Paulo &nbsp; \u2022 Como atuar na contram\u00e3o de crises e captar novos clientes Maria Rita Resende P\u00f3s-graduada com t\u00edtulo de [&hellip;]<\/p>\n","protected":false},"author":1,"featured_media":0,"template":"","meta":{"_tribe_events_status":"","_tribe_events_status_reason":"","footnotes":""},"tags":[],"tribe_events_cat":[4,3],"class_list":["post-2380","tribe_events","type-tribe_events","status-publish","hentry","tribe_events_cat-cursos-internacionais","tribe_events_cat-cursos-nacionais","cat_cursos-internacionais","cat_cursos-nacionais"],"yoast_head":"<!-- This site is optimized with the Yoast SEO plugin v26.2 - https:\/\/yoast.com\/wordpress\/plugins\/seo\/ -->\n<title>CONGRESSO HAIR BRASIL - SP - DATA 22 DE ABRIL DRA LORICE PALESTRA - Lorice - Fisioterapia e Est\u00e9tica<\/title>\n<meta name=\"robots\" content=\"index, follow, max-snippet:-1, max-image-preview:large, max-video-preview:-1\" \/>\n<link rel=\"canonical\" href=\"https:\/\/loricestetic.com.br\/index.php\/evento\/congresso-hair-brasil-sp-data-22-de-abril-dra-lorice-palestra\/\" \/>\n<meta property=\"og:locale\" content=\"pt_BR\" \/>\n<meta property=\"og:type\" content=\"article\" \/>\n<meta property=\"og:title\" content=\"CONGRESSO HAIR BRASIL - SP - DATA 22 DE ABRIL DRA LORICE PALESTRA - Lorice - Fisioterapia e Est\u00e9tica\" \/>\n<meta property=\"og:description\" content=\"Expo Center Norte &#8211; S\u00e3o Paulo &nbsp; \u2022 Como atuar na contram\u00e3o de crises e captar novos clientes Maria Rita Resende P\u00f3s-graduada com t\u00edtulo de [&hellip;]\" \/>\n<meta property=\"og:url\" content=\"https:\/\/loricestetic.com.br\/index.php\/evento\/congresso-hair-brasil-sp-data-22-de-abril-dra-lorice-palestra\/\" \/>\n<meta property=\"og:site_name\" content=\"Lorice - Fisioterapia e Est\u00e9tica\" \/>\n<meta property=\"article:modified_time\" content=\"2017-03-28T14:53:06+00:00\" \/>\n<meta name=\"twitter:card\" content=\"summary_large_image\" \/>\n<meta name=\"twitter:label1\" content=\"Est. tempo de leitura\" \/>\n\t<meta name=\"twitter:data1\" content=\"1 minuto\" \/>\n<script type=\"application\/ld+json\" class=\"yoast-schema-graph\">{\"@context\":\"https:\/\/schema.org\",\"@graph\":[{\"@type\":\"WebPage\",\"@id\":\"https:\/\/loricestetic.com.br\/index.php\/evento\/congresso-hair-brasil-sp-data-22-de-abril-dra-lorice-palestra\/\",\"url\":\"https:\/\/loricestetic.com.br\/index.php\/evento\/congresso-hair-brasil-sp-data-22-de-abril-dra-lorice-palestra\/\",\"name\":\"CONGRESSO HAIR BRASIL - SP - DATA 22 DE ABRIL DRA LORICE PALESTRA - Lorice - Fisioterapia e Est\u00e9tica\",\"isPartOf\":{\"@id\":\"https:\/\/loricestetic.com.br\/#website\"},\"datePublished\":\"2017-03-28T12:47:47+00:00\",\"dateModified\":\"2017-03-28T14:53:06+00:00\",\"breadcrumb\":{\"@id\":\"https:\/\/loricestetic.com.br\/index.php\/evento\/congresso-hair-brasil-sp-data-22-de-abril-dra-lorice-palestra\/#breadcrumb\"},\"inLanguage\":\"pt-BR\",\"potentialAction\":[{\"@type\":\"ReadAction\",\"target\":[\"https:\/\/loricestetic.com.br\/index.php\/evento\/congresso-hair-brasil-sp-data-22-de-abril-dra-lorice-palestra\/\"]}]},{\"@type\":\"BreadcrumbList\",\"@id\":\"https:\/\/loricestetic.com.br\/index.php\/evento\/congresso-hair-brasil-sp-data-22-de-abril-dra-lorice-palestra\/#breadcrumb\",\"itemListElement\":[{\"@type\":\"ListItem\",\"position\":1,\"name\":\"In\u00edcio\",\"item\":\"https:\/\/loricestetic.com.br\/\"},{\"@type\":\"ListItem\",\"position\":2,\"name\":\"Eventos\",\"item\":\"https:\/\/loricestetic.com.br\/index.php\/eventos\/\"},{\"@type\":\"ListItem\",\"position\":3,\"name\":\"CONGRESSO HAIR BRASIL &#8211; SP &#8211; DATA 22 DE ABRIL DRA LORICE PALESTRA\"}]},{\"@type\":\"WebSite\",\"@id\":\"https:\/\/loricestetic.com.br\/#website\",\"url\":\"https:\/\/loricestetic.com.br\/\",\"name\":\"Lorice - Fisioterapia e Est\u00e9tica\",\"description\":\"\",\"publisher\":{\"@id\":\"https:\/\/loricestetic.com.br\/#organization\"},\"potentialAction\":[{\"@type\":\"SearchAction\",\"target\":{\"@type\":\"EntryPoint\",\"urlTemplate\":\"https:\/\/loricestetic.com.br\/?s={search_term_string}\"},\"query-input\":{\"@type\":\"PropertyValueSpecification\",\"valueRequired\":true,\"valueName\":\"search_term_string\"}}],\"inLanguage\":\"pt-BR\"},{\"@type\":\"Organization\",\"@id\":\"https:\/\/loricestetic.com.br\/#organization\",\"name\":\"Lorice - Fisioterapia e Est\u00e9tica\",\"url\":\"https:\/\/loricestetic.com.br\/\",\"logo\":{\"@type\":\"ImageObject\",\"inLanguage\":\"pt-BR\",\"@id\":\"https:\/\/loricestetic.com.br\/#\/schema\/logo\/image\/\",\"url\":\"https:\/\/loricestetic.com.br\/wp-content\/uploads\/2015\/09\/cropped-logo.png\",\"contentUrl\":\"https:\/\/loricestetic.com.br\/wp-content\/uploads\/2015\/09\/cropped-logo.png\",\"width\":160,\"height\":83,\"caption\":\"Lorice - Fisioterapia e Est\u00e9tica\"},\"image\":{\"@id\":\"https:\/\/loricestetic.com.br\/#\/schema\/logo\/image\/\"}}]}<\/script>\n<!-- \/ Yoast SEO plugin. -->","yoast_head_json":{"title":"CONGRESSO HAIR BRASIL - SP - DATA 22 DE ABRIL DRA LORICE PALESTRA - Lorice - Fisioterapia e Est\u00e9tica","robots":{"index":"index","follow":"follow","max-snippet":"max-snippet:-1","max-image-preview":"max-image-preview:large","max-video-preview":"max-video-preview:-1"},"canonical":"https:\/\/loricestetic.com.br\/index.php\/evento\/congresso-hair-brasil-sp-data-22-de-abril-dra-lorice-palestra\/","og_locale":"pt_BR","og_type":"article","og_title":"CONGRESSO HAIR BRASIL - SP - DATA 22 DE ABRIL DRA LORICE PALESTRA - Lorice - Fisioterapia e Est\u00e9tica","og_description":"Expo Center Norte &#8211; S\u00e3o Paulo &nbsp; \u2022 Como atuar na contram\u00e3o de crises e captar novos clientes Maria Rita Resende P\u00f3s-graduada com t\u00edtulo de [&hellip;]","og_url":"https:\/\/loricestetic.com.br\/index.php\/evento\/congresso-hair-brasil-sp-data-22-de-abril-dra-lorice-palestra\/","og_site_name":"Lorice - Fisioterapia e Est\u00e9tica","article_modified_time":"2017-03-28T14:53:06+00:00","twitter_card":"summary_large_image","twitter_misc":{"Est. tempo de leitura":"1 minuto"},"schema":{"@context":"https:\/\/schema.org","@graph":[{"@type":"WebPage","@id":"https:\/\/loricestetic.com.br\/index.php\/evento\/congresso-hair-brasil-sp-data-22-de-abril-dra-lorice-palestra\/","url":"https:\/\/loricestetic.com.br\/index.php\/evento\/congresso-hair-brasil-sp-data-22-de-abril-dra-lorice-palestra\/","name":"CONGRESSO HAIR BRASIL - SP - DATA 22 DE ABRIL DRA LORICE PALESTRA - Lorice - Fisioterapia e Est\u00e9tica","isPartOf":{"@id":"https:\/\/loricestetic.com.br\/#website"},"datePublished":"2017-03-28T12:47:47+00:00","dateModified":"2017-03-28T14:53:06+00:00","breadcrumb":{"@id":"https:\/\/loricestetic.com.br\/index.php\/evento\/congresso-hair-brasil-sp-data-22-de-abril-dra-lorice-palestra\/#breadcrumb"},"inLanguage":"pt-BR","potentialAction":[{"@type":"ReadAction","target":["https:\/\/loricestetic.com.br\/index.php\/evento\/congresso-hair-brasil-sp-data-22-de-abril-dra-lorice-palestra\/"]}]},{"@type":"BreadcrumbList","@id":"https:\/\/loricestetic.com.br\/index.php\/evento\/congresso-hair-brasil-sp-data-22-de-abril-dra-lorice-palestra\/#breadcrumb","itemListElement":[{"@type":"ListItem","position":1,"name":"In\u00edcio","item":"https:\/\/loricestetic.com.br\/"},{"@type":"ListItem","position":2,"name":"Eventos","item":"https:\/\/loricestetic.com.br\/index.php\/eventos\/"},{"@type":"ListItem","position":3,"name":"CONGRESSO HAIR BRASIL &#8211; SP &#8211; DATA 22 DE ABRIL DRA LORICE PALESTRA"}]},{"@type":"WebSite","@id":"https:\/\/loricestetic.com.br\/#website","url":"https:\/\/loricestetic.com.br\/","name":"Lorice - Fisioterapia e Est\u00e9tica","description":"","publisher":{"@id":"https:\/\/loricestetic.com.br\/#organization"},"potentialAction":[{"@type":"SearchAction","target":{"@type":"EntryPoint","urlTemplate":"https:\/\/loricestetic.com.br\/?s={search_term_string}"},"query-input":{"@type":"PropertyValueSpecification","valueRequired":true,"valueName":"search_term_string"}}],"inLanguage":"pt-BR"},{"@type":"Organization","@id":"https:\/\/loricestetic.com.br\/#organization","name":"Lorice - Fisioterapia e Est\u00e9tica","url":"https:\/\/loricestetic.com.br\/","logo":{"@type":"ImageObject","inLanguage":"pt-BR","@id":"https:\/\/loricestetic.com.br\/#\/schema\/logo\/image\/","url":"https:\/\/loricestetic.com.br\/wp-content\/uploads\/2015\/09\/cropped-logo.png","contentUrl":"https:\/\/loricestetic.com.br\/wp-content\/uploads\/2015\/09\/cropped-logo.png","width":160,"height":83,"caption":"Lorice - Fisioterapia e Est\u00e9tica"},"image":{"@id":"https:\/\/loricestetic.com.br\/#\/schema\/logo\/image\/"}}]}},"_links":{"self":[{"href":"https:\/\/loricestetic.com.br\/index.php\/wp-json\/wp\/v2\/tribe_events\/2380","targetHints":{"allow":["GET"]}}],"collection":[{"href":"https:\/\/loricestetic.com.br\/index.php\/wp-json\/wp\/v2\/tribe_events"}],"about":[{"href":"https:\/\/loricestetic.com.br\/index.php\/wp-json\/wp\/v2\/types\/tribe_events"}],"author":[{"embeddable":true,"href":"https:\/\/loricestetic.com.br\/index.php\/wp-json\/wp\/v2\/users\/1"}],"version-history":[{"count":1,"href":"https:\/\/loricestetic.com.br\/index.php\/wp-json\/wp\/v2\/tribe_events\/2380\/revisions"}],"predecessor-version":[{"id":2382,"href":"https:\/\/loricestetic.com.br\/index.php\/wp-json\/wp\/v2\/tribe_events\/2380\/revisions\/2382"}],"wp:attachment":[{"href":"https:\/\/loricestetic.com.br\/index.php\/wp-json\/wp\/v2\/media?parent=2380"}],"wp:term":[{"taxonomy":"post_tag","embeddable":true,"href":"https:\/\/loricestetic.com.br\/index.php\/wp-json\/wp\/v2\/tags?post=2380"},{"taxonomy":"tribe_events_cat","embeddable":true,"href":"https:\/\/loricestetic.com.br\/index.php\/wp-json\/wp\/v2\/tribe_events_cat?post=2380"}],"curies":[{"name":"wp","href":"https:\/\/api.w.org\/{rel}","templated":true}]}}

<h3 style="text-align: center;"><strong>Expo Center Norte &#8211; São Paulo</strong></h3>
<p>&nbsp;</p>
<p><strong><em>• Como atuar na contramão de crises e captar novos clientes</em></strong></p>
<p><strong>Maria Rita Resende</strong><br />
Pós-graduada com título de especialista em Gestão Da Cosmetologia – Faculdade de Educação e Cultura Montessori – São Paulo -SP. Fundadora da Valmari Laboratórios Dermocosméticos e do Centro de Estudos de Cosmetologia Aplicada – Escola Técnica da Área da Saúde; diretora da ABC – Associação Brasileira de Cosmetologia – SP; desde 1973 dedica-se a estudos, pesquisas e o ensino da Cosmetologia Aplicada, desenvolvendo e ministrando cursos de formação e aperfeiçoamento nesta área; autora de trabalhos científicos apresentados em congressos no Brasil e no exterior e coordenadora de congressos e eventos na área de cosmetologia e beleza.</p>
<p>&nbsp;</p>
<hr />
<p>&nbsp;</p>
<p><strong><em>• Dermocosméticos associados a protocolos com radio frequência</em></strong></p>
<p><strong>Lorice Issa Miguel</strong><br />
Fisioterapeuta Formada pela UFSCar (Universidade Federal de São Carlos), diretora e proprietária consultório Lorice Stetic , formação Internacional em Drenagem Linfática, diretora e organizadora oficial de Leduc Method no Brasil.</p>
<p>&nbsp;</p>
<hr />
<p>&nbsp;</p>
<p><strong><em>• Novas tendências de tecnologia na Estética &#8211; By Fismatek</em></strong></p>
<p><strong>Rafael Ferreira</strong><br />
Formado em farmácia e pós graduado em Marketing e MBA em cosmetologia. É mestre em ciência da saúde . Doutor em medicina Celular e Molecular.</p>
<p>&nbsp;</p>
<hr />
<p>&nbsp;</p>
<p><strong><em>• Dermotaping Corporal e Facial com massofilaxia especifica</em></strong></p>
<p><strong>Leticia Pepe</strong><br />
Diretora do Centro de Formação Profissional em Estética Hospitalar. Coordenadora acadêmica da Faculdade de Cosmiatria J. F. Kennedy. Esteticista no Serviço de Cirurgia Plástica do Hospital Cosme Argerich.</p>

<p>Expo Center Norte &#8211; São Paulo &nbsp; • Como atuar na contramão de crises e captar novos clientes Maria Rita Resende Pós-graduada com título de [&hellip;]</p>

<!-- This site is optimized with the Yoast SEO plugin v26.2 - https://yoast.com/wordpress/plugins/seo/ -->
<title>CONGRESSO HAIR BRASIL - SP - DATA 22 DE ABRIL DRA LORICE PALESTRA - Lorice - Fisioterapia e Estética</title>
<meta name="robots" content="index, follow, max-snippet:-1, max-image-preview:large, max-video-preview:-1" />
<link rel="canonical" href="https://loricestetic.com.br/index.php/evento/congresso-hair-brasil-sp-data-22-de-abril-dra-lorice-palestra/" />
<meta property="og:locale" content="pt_BR" />
<meta property="og:type" content="article" />
<meta property="og:title" content="CONGRESSO HAIR BRASIL - SP - DATA 22 DE ABRIL DRA LORICE PALESTRA - Lorice - Fisioterapia e Estética" />
<meta property="og:description" content="Expo Center Norte &#8211; São Paulo &nbsp; • Como atuar na contramão de crises e captar novos clientes Maria Rita Resende Pós-graduada com título de [&hellip;]" />
<meta property="og:url" content="https://loricestetic.com.br/index.php/evento/congresso-hair-brasil-sp-data-22-de-abril-dra-lorice-palestra/" />
<meta property="og:site_name" content="Lorice - Fisioterapia e Estética" />
<meta property="article:modified_time" content="2017-03-28T14:53:06+00:00" />
<meta name="twitter:card" content="summary_large_image" />
<meta name="twitter:label1" content="Est. tempo de leitura" />
	<meta name="twitter:data1" content="1 minuto" />
<script type="application/ld+json" class="yoast-schema-graph">{"@context":"https://schema.org","@graph":[{"@type":"WebPage","@id":"https://loricestetic.com.br/index.php/evento/congresso-hair-brasil-sp-data-22-de-abril-dra-lorice-palestra/","url":"https://loricestetic.com.br/index.php/evento/congresso-hair-brasil-sp-data-22-de-abril-dra-lorice-palestra/","name":"CONGRESSO HAIR BRASIL - SP - DATA 22 DE ABRIL DRA LORICE PALESTRA - Lorice - Fisioterapia e Estética","isPartOf":{"@id":"https://loricestetic.com.br/#website"},"datePublished":"2017-03-28T12:47:47+00:00","dateModified":"2017-03-28T14:53:06+00:00","breadcrumb":{"@id":"https://loricestetic.com.br/index.php/evento/congresso-hair-brasil-sp-data-22-de-abril-dra-lorice-palestra/#breadcrumb"},"inLanguage":"pt-BR","potentialAction":[{"@type":"ReadAction","target":["https://loricestetic.com.br/index.php/evento/congresso-hair-brasil-sp-data-22-de-abril-dra-lorice-palestra/"]}]},{"@type":"BreadcrumbList","@id":"https://loricestetic.com.br/index.php/evento/congresso-hair-brasil-sp-data-22-de-abril-dra-lorice-palestra/#breadcrumb","itemListElement":[{"@type":"ListItem","position":1,"name":"Início","item":"https://loricestetic.com.br/"},{"@type":"ListItem","position":2,"name":"Eventos","item":"https://loricestetic.com.br/index.php/eventos/"},{"@type":"ListItem","position":3,"name":"CONGRESSO HAIR BRASIL &#8211; SP &#8211; DATA 22 DE ABRIL DRA LORICE PALESTRA"}]},{"@type":"WebSite","@id":"https://loricestetic.com.br/#website","url":"https://loricestetic.com.br/","name":"Lorice - Fisioterapia e Estética","description":"","publisher":{"@id":"https://loricestetic.com.br/#organization"},"potentialAction":[{"@type":"SearchAction","target":{"@type":"EntryPoint","urlTemplate":"https://loricestetic.com.br/?s={search_term_string}"},"query-input":{"@type":"PropertyValueSpecification","valueRequired":true,"valueName":"search_term_string"}}],"inLanguage":"pt-BR"},{"@type":"Organization","@id":"https://loricestetic.com.br/#organization","name":"Lorice - Fisioterapia e Estética","url":"https://loricestetic.com.br/","logo":{"@type":"ImageObject","inLanguage":"pt-BR","@id":"https://loricestetic.com.br/#/schema/logo/image/","url":"https://loricestetic.com.br/wp-content/uploads/2015/09/cropped-logo.png","contentUrl":"https://loricestetic.com.br/wp-content/uploads/2015/09/cropped-logo.png","width":160,"height":83,"caption":"Lorice - Fisioterapia e Estética"},"image":{"@id":"https://loricestetic.com.br/#/schema/logo/image/"}}]}</script>
<!-- / Yoast SEO plugin. -->

CONGRESSO HAIR BRASIL - SP - DATA 22 DE ABRIL DRA LORICE PALESTRA - Lorice - Fisioterapia e Estética

Expo Center Norte &#8211; São Paulo &nbsp; • Como atuar na contramão de crises e captar novos clientes Maria Rita Resende Pós-graduada com título de [&hellip;]

Lorice - Fisioterapia e Estética

Início
