{"id":5,"date":"2015-09-16T19:02:03","date_gmt":"2015-09-16T19:02:03","guid":{"rendered":"http:\/\/loricestetic.com.br\/?page_id=5"},"modified":"2016-05-25T13:46:01","modified_gmt":"2016-05-25T13:46:01","slug":"curriculo","status":"publish","type":"page","link":"https:\/\/loricestetic.com.br\/index.php\/curriculo\/","title":{"rendered":"Curr\u00edculo"},"content":{"rendered":"<p><strong>Dra. Lorice Issa Miguel<\/strong>\u00a0\u2013 CREFITO 3 \u2013 11.276-F \u2013\u00a0 Fisioterapeuta Formada pela UFSCar (Universidade Federal de S\u00e3o Carlos), 1990<\/p>\n<p>&#8211; Diretora e proprietaria consultorio Lorice Stetic &#8211; Itaim &#8211; SP &#8211; desde 1994<\/p>\n<p>\u2013 Cursos Internacionais: Holanda, USA, B\u00e9lgica, Paris, Argentina e M\u00e9xico;<\/p>\n<p>\u2013 Sistema de Endermaterapia Vibrat\u00f3ria-Gx99 by Sybaritic \u2013 Mini\u00e1polis \u2013 USA \u2013 1999;<\/p>\n<p>\u2013 Forma\u00e7\u00e3o Internacional em Drenagem Linf\u00e1tica Medical Prof. Dr. A. Leduc, Phd ULB \u2013 Bruxelas, B\u00e9lgica &gt; Ecole de Drenage Linfatic Man.Medical \u2013 Bruxelas e Brasil \u2013 2001 a 2015;<\/p>\n<p>\u2013 Diretora e organizadora oficial de Leduc Method no Brasil desde 2005;<\/p>\n<p>\u2013 Professora do curso de P\u00f3s-Gradua\u00e7\u00e3o da Faculdade CBES para o curso de 2008; Unicis \u2013 2010\/2011\/2012; Ucpel \u2013 2015;<\/p>\n<p>\u2013 Professora convidada para as P\u00f3s-Gradua\u00e7\u00e3o na escola postural \u2013 S.P 2012 \/ Unisalesiano \u2013 Lins \u2013 2010;<\/p>\n<p>\u2013 Professora convidada para disciplinas de eletroterapia em est\u00e9tica corporal e drenagem linf\u00e1tica manual medical nas Faculdades Gama Filho, FEPAR;<\/p>\n<p>\u2013 Palestrante e cursos na Faculdade Salesiano Lins, UNIP \u2013 SP, e Sagrado Cora\u00e7\u00e3o \u2013 Bauru JOPEFF, ENAF-Belo Horizonte, Hair Brasil; Congreso les nouvelles \u2013 Ambembi \u2013 SP- 2009; Cesumar \u2013 Maringa \u2013 Pr 2013; Beauty Fair \u2013 Expocenter Norte \u2013 2014 Congresso de est\u00e9tica \u2013 Ikezaki \u2013 S.P; Est\u00e9tica In Rio \u2013 Rio de Janeiro de 2015, Fair Nor 2015 \u2013 Recife; Simposio de fisioterapia da Univ. S\u00e3o Camilo \u2013 Campus Ipiranga 2015 entre outros;<\/p>\n<p>\u2013 Consultoria de revistas de sa\u00fade e beleza e entrevistas e mat\u00e9rias a programas de TV: Rede TV, Band e Gazeta (acesse o site\u00a0<a href=\"https:\/\/loricestetic.com.br\/?pg=curriculo\">www.loricestetic.com.br);<\/a><\/p>\n<p>\u2013 Congresso Panamericano de Medicina Est\u00e9tica \u2013 Dr. Julio Ferreiro \u2013 Buenos Aires \u2013 2005 \/ 2008 \/ 2011 \/ 2013 \/ 2015;<\/p>\n<p>\u2013 Cursos Buenos Aires: Laboratorio Once; Arenales e Chartage \u2013 2005: Peelings Qu\u00edmicos e Mec\u00e2nicos; cosmetologia 2008 \u2013 Buenos Aires. Treinamento Meditea Eletroestetica Medica: Radio Frequencia: 2008 \u2013 Buenos Aires;<\/p>\n<p>\u2013 Treinamento da terapia Coco massage \u2013 Paris \u2013 com Mestres \u2013 Gil Amsalem \u2013 Paris 2011;<\/p>\n<p>\u2013 Conferencia Mundial de Fisioterapia \u2013 AMSTERDAN \u2013 Holanda \u2013 2011;<\/p>\n<p>\u2013 Conferencia Mundial de Medicina Dermatologia Cosm\u00e9tica, Cancun, M\u00e9xico \u2013 2012;<\/p>\n<p>\u2013 Palestrante Est\u00e9tica In Rio \u2013 maio 2013 e 2014;<\/p>\n<p>\u2013 Congresso Mundial de Dermatologia WCD\u00a0\u2013 Vancouver 2015.<\/p>\n<p>&#8211; Membro do Comite Cientifico Estetica In Sp &#8211; 2O16<\/p>\n<p>&#8211; Palestrante para Peel Line Dermocosmeticos \/2016 , Hair Brasil 2016 , Uninassau 2016 , \u00a0Pos graducacao Uniceuma 2016<\/p>\n<p>&#8211; Organiza\u00e7ao curso Formacao Internacional terapias manuais SPA e Estetica \u00a0Gil Amsallen 2016<\/p>\n\n     <style>\n\t#weblizar_2154  .wrgf-header-label {\n\t\tcolor:#FFFFFF !important;\n\t}\n\t\n\t#weblizar_2154 .wrgf-footer-label{\n\t\tcolor:#000000 !important;\n\t\tfont-size:16px;\n\t\tmargin-bottom: 5px;\n\t\tmargin-top: 5px;\n\t\ttext-align:center;\n\t\tfont-weight:normal;\n\t}\n\n    #weblizar_2154 .b-link-stroke .b-top-line{\n        background: rgba(10, 194, 210, 0.5);\n    }\n    #weblizar_2154 .b-link-stroke .b-bottom-line{\n        background: rgba(10, 194, 210, 0.5);\n    }\n\n    #weblizar_2154 .b-wrapper{\n        font-family:Arial; \/\/ real name pass here\n    }\n\t\n\t#weblizar_2154 .wrgf-header-label{\n        font-family:Arial !important; \/\/ real name pass here\n    }\n\t#weblizar_2154 .wrgf-footer-label{\n        font-family:Arial !important; \/\/ real name pass here\n    }\n\t\n\t@media (min-width: 992px){\n\t\t.col-md-6 {\n\t\t\twidth: 49.97% !important;\n\t\t}\n\t\t.col-md-4 {\n\t\t\twidth: 33.30% !important;\n\t\t}\n\t\t.col-md-3 {\n\t\t\twidth: 24.90% !important;\n\t\t}\n\t}\n\t\t\t@media (max-width: 992px) {\n\t\t\t#weblizar_2154 .wrgf-header-label\n\t\t\t{\n\t\t\t\tdisplay:none;\n\t\t\t}\n\t\t}\n\t\t@media (min-width: 993px) {\n\t\t\t#weblizar_2154 .wrgf-footer-label\n\t\t\t{\n\t\t\t\tdisplay:none;\n\t\t\t}\n\t\t}\n\t\t#weblizar_2154 a{\n\t\tborder-bottom: none;\n\t}\n\t\n\t    <\/style>\n\n        <div  class=\"gal-container\">\n            <!--get the post id-->\n        \t\t\n\t\t\t\t<!-- gallery title -->\n        <div style=\"font-weight: bolder; padding-bottom:10px; border-bottom:2px solid #cccccc; margin-bottom:20px; font-size:24px; \">\n\t\t\tPr\u00eamios\t\t<\/div>\n\t\t\t\t\n        <div class=\"gallery1\" id=\"weblizar_2154\">\n                        <div class=\"col-md-6 col-sm-6 wl-gallery\">\n                    <div class=\"b-link-stroke b-animate-go\">\n\t\t\t\t\t\n\t\t\t\t\t\t\t\t\t\t\t\t\t<a alt=\"\" class=\"swipebox\"  href=\"http:\/\/loricestetic.com.br\/wp-content\/uploads\/2016\/05\/premios2.jpg\">\n\t\t\t\t\t\t\t\t<img decoding=\"async\" src=\"http:\/\/loricestetic.com.br\/wp-content\/uploads\/2016\/05\/premios2-500x500.jpg\" class=\"gall-img-responsive\" alt=\"\">\n\t\t\t\t\t\t\t\t<div class=\"b-wrapper\">\n\t\t\t\t\t\t\t\t\t\t\t\t\t\t\t\t\t\t\t\t\t\t\t\t\t\t\t\t\t<h2 class=\"b-from-left b-animate b-delay03 wrgf-header-label\"> <\/h2>\n\t\t\t\t\t\t\t\t\t\t\t\t\t\t\t\t\t\t\t\t\t\t\t\t\t\t\t<\/div>\n\t\t\t\t\t\t\t<\/a>\n\t\t\t\t\t\t\t                    <\/div>\n\t\t\t\t\t\t\t\t\t\t\t<h4 class=\"wrgf-footer-label\"><\/h4>\n\t\t\t\t\t                <\/div>\n                                <div class=\"col-md-6 col-sm-6 wl-gallery\">\n                    <div class=\"b-link-stroke b-animate-go\">\n\t\t\t\t\t\n\t\t\t\t\t\t\t\t\t\t\t\t\t<a alt=\"\" class=\"swipebox\"  href=\"http:\/\/loricestetic.com.br\/wp-content\/uploads\/2016\/05\/premios3.jpg\">\n\t\t\t\t\t\t\t\t<img decoding=\"async\" src=\"http:\/\/loricestetic.com.br\/wp-content\/uploads\/2016\/05\/premios3-417x500.jpg\" class=\"gall-img-responsive\" alt=\"\">\n\t\t\t\t\t\t\t\t<div class=\"b-wrapper\">\n\t\t\t\t\t\t\t\t\t\t\t\t\t\t\t\t\t\t\t\t\t\t\t\t\t\t\t\t\t<h2 class=\"b-from-left b-animate b-delay03 wrgf-header-label\"> <\/h2>\n\t\t\t\t\t\t\t\t\t\t\t\t\t\t\t\t\t\t\t\t\t\t\t\t\t\t\t<\/div>\n\t\t\t\t\t\t\t<\/a>\n\t\t\t\t\t\t\t                    <\/div>\n\t\t\t\t\t\t\t\t\t\t\t<h4 class=\"wrgf-footer-label\"><\/h4>\n\t\t\t\t\t                <\/div>\n                                <div class=\"col-md-6 col-sm-6 wl-gallery\">\n                    <div class=\"b-link-stroke b-animate-go\">\n\t\t\t\t\t\n\t\t\t\t\t\t\t\t\t\t\t\t\t<a alt=\"\" class=\"swipebox\"  href=\"http:\/\/loricestetic.com.br\/wp-content\/uploads\/2016\/05\/premios.jpg\">\n\t\t\t\t\t\t\t\t<img decoding=\"async\" src=\"http:\/\/loricestetic.com.br\/wp-content\/uploads\/2016\/05\/premios-416x500.jpg\" class=\"gall-img-responsive\" alt=\"\">\n\t\t\t\t\t\t\t\t<div class=\"b-wrapper\">\n\t\t\t\t\t\t\t\t\t\t\t\t\t\t\t\t\t\t\t\t\t\t\t\t\t\t\t\t\t<h2 class=\"b-from-left b-animate b-delay03 wrgf-header-label\"> <\/h2>\n\t\t\t\t\t\t\t\t\t\t\t\t\t\t\t\t\t\t\t\t\t\t\t\t\t\t\t<\/div>\n\t\t\t\t\t\t\t<\/a>\n\t\t\t\t\t\t\t                    <\/div>\n\t\t\t\t\t\t\t\t\t\t\t<h4 class=\"wrgf-footer-label\"><\/h4>\n\t\t\t\t\t                <\/div>\n                        <\/div>\n        <\/div>\n\n\t<!-- swipe box-->\n\t<script type=\"text\/javascript\">\n\t;( function( jQuery ) {\n\t\tjQuery( '.swipebox' ).swipebox({\n\t\t\t\t\t\t\thideBarsDelay:0,\n\t\t\t\t\t\t\thideCloseButtonOnMobile : false,\n\t\t\t\t\t\t});\n\t} )( jQuery );\n\t\n\tjQuery('.gallery1').imagesLoaded( function(){\n\t  jQuery('.gallery1').masonry({\n\t   itemSelector: '.wl-gallery',\n\t   isAnimated: true,\n\t   isFitWidth: true\n\t  });\n\t});\n\t<\/script>\n\n    \n\n     <style>\n\t#weblizar_2148  .wrgf-header-label {\n\t\tcolor:#FFFFFF !important;\n\t}\n\t\n\t#weblizar_2148 .wrgf-footer-label{\n\t\tcolor:#000000 !important;\n\t\tfont-size:16px;\n\t\tmargin-bottom: 5px;\n\t\tmargin-top: 5px;\n\t\ttext-align:center;\n\t\tfont-weight:normal;\n\t}\n\n    #weblizar_2148 .b-link-stroke .b-top-line{\n        background: rgba(10, 194, 210, 0.5);\n    }\n    #weblizar_2148 .b-link-stroke .b-bottom-line{\n        background: rgba(10, 194, 210, 0.5);\n    }\n\n    #weblizar_2148 .b-wrapper{\n        font-family:Arial; \/\/ real name pass here\n    }\n\t\n\t#weblizar_2148 .wrgf-header-label{\n        font-family:Arial !important; \/\/ real name pass here\n    }\n\t#weblizar_2148 .wrgf-footer-label{\n        font-family:Arial !important; \/\/ real name pass here\n    }\n\t\n\t@media (min-width: 992px){\n\t\t.col-md-6 {\n\t\t\twidth: 49.97% !important;\n\t\t}\n\t\t.col-md-4 {\n\t\t\twidth: 33.30% !important;\n\t\t}\n\t\t.col-md-3 {\n\t\t\twidth: 24.90% !important;\n\t\t}\n\t}\n\t\t\t@media (max-width: 992px) {\n\t\t\t#weblizar_2148 .wrgf-header-label\n\t\t\t{\n\t\t\t\tdisplay:none;\n\t\t\t}\n\t\t}\n\t\t@media (min-width: 993px) {\n\t\t\t#weblizar_2148 .wrgf-footer-label\n\t\t\t{\n\t\t\t\tdisplay:none;\n\t\t\t}\n\t\t}\n\t\t#weblizar_2148 a{\n\t\tborder-bottom: none;\n\t}\n\t\n\t    <\/style>\n\n        <div  class=\"gal-container\">\n            <!--get the post id-->\n        \t\t\n\t\t\t\t<!-- gallery title -->\n        <div style=\"font-weight: bolder; padding-bottom:10px; border-bottom:2px solid #cccccc; margin-bottom:20px; font-size:24px; \">\n\t\t\tCertificados\t\t<\/div>\n\t\t\t\t\n        <div class=\"gallery1\" id=\"weblizar_2148\">\n                        <div class=\"col-md-6 col-sm-6 wl-gallery\">\n                    <div class=\"b-link-stroke b-animate-go\">\n\t\t\t\t\t\n\t\t\t\t\t\t\t\t\t\t\t\t\t<a alt=\"\" class=\"swipebox\"  href=\"http:\/\/loricestetic.com.br\/wp-content\/uploads\/2016\/05\/certificado4.jpg\">\n\t\t\t\t\t\t\t\t<img decoding=\"async\" src=\"http:\/\/loricestetic.com.br\/wp-content\/uploads\/2016\/05\/certificado4-398x500.jpg\" class=\"gall-img-responsive\" alt=\"\">\n\t\t\t\t\t\t\t\t<div class=\"b-wrapper\">\n\t\t\t\t\t\t\t\t\t\t\t\t\t\t\t\t\t\t\t\t\t\t\t\t\t\t\t\t\t<h2 class=\"b-from-left b-animate b-delay03 wrgf-header-label\"> <\/h2>\n\t\t\t\t\t\t\t\t\t\t\t\t\t\t\t\t\t\t\t\t\t\t\t\t\t\t\t<\/div>\n\t\t\t\t\t\t\t<\/a>\n\t\t\t\t\t\t\t                    <\/div>\n\t\t\t\t\t\t\t\t\t\t\t<h4 class=\"wrgf-footer-label\"><\/h4>\n\t\t\t\t\t                <\/div>\n                                <div class=\"col-md-6 col-sm-6 wl-gallery\">\n                    <div class=\"b-link-stroke b-animate-go\">\n\t\t\t\t\t\n\t\t\t\t\t\t\t\t\t\t\t\t\t<a alt=\"\" class=\"swipebox\"  href=\"http:\/\/loricestetic.com.br\/wp-content\/uploads\/2016\/05\/certificado3.jpg\">\n\t\t\t\t\t\t\t\t<img decoding=\"async\" src=\"http:\/\/loricestetic.com.br\/wp-content\/uploads\/2016\/05\/certificado3-388x500.jpg\" class=\"gall-img-responsive\" alt=\"\">\n\t\t\t\t\t\t\t\t<div class=\"b-wrapper\">\n\t\t\t\t\t\t\t\t\t\t\t\t\t\t\t\t\t\t\t\t\t\t\t\t\t\t\t\t\t<h2 class=\"b-from-left b-animate b-delay03 wrgf-header-label\"> <\/h2>\n\t\t\t\t\t\t\t\t\t\t\t\t\t\t\t\t\t\t\t\t\t\t\t\t\t\t\t<\/div>\n\t\t\t\t\t\t\t<\/a>\n\t\t\t\t\t\t\t                    <\/div>\n\t\t\t\t\t\t\t\t\t\t\t<h4 class=\"wrgf-footer-label\"><\/h4>\n\t\t\t\t\t                <\/div>\n                                <div class=\"col-md-6 col-sm-6 wl-gallery\">\n                    <div class=\"b-link-stroke b-animate-go\">\n\t\t\t\t\t\n\t\t\t\t\t\t\t\t\t\t\t\t\t<a alt=\"\" class=\"swipebox\"  href=\"http:\/\/loricestetic.com.br\/wp-content\/uploads\/2016\/05\/certificado.jpg\">\n\t\t\t\t\t\t\t\t<img decoding=\"async\" src=\"http:\/\/loricestetic.com.br\/wp-content\/uploads\/2016\/05\/certificado-500x450.jpg\" class=\"gall-img-responsive\" alt=\"\">\n\t\t\t\t\t\t\t\t<div class=\"b-wrapper\">\n\t\t\t\t\t\t\t\t\t\t\t\t\t\t\t\t\t\t\t\t\t\t\t\t\t\t\t\t\t<h2 class=\"b-from-left b-animate b-delay03 wrgf-header-label\"> <\/h2>\n\t\t\t\t\t\t\t\t\t\t\t\t\t\t\t\t\t\t\t\t\t\t\t\t\t\t\t<\/div>\n\t\t\t\t\t\t\t<\/a>\n\t\t\t\t\t\t\t                    <\/div>\n\t\t\t\t\t\t\t\t\t\t\t<h4 class=\"wrgf-footer-label\"><\/h4>\n\t\t\t\t\t                <\/div>\n                                <div class=\"col-md-6 col-sm-6 wl-gallery\">\n                    <div class=\"b-link-stroke b-animate-go\">\n\t\t\t\t\t\n\t\t\t\t\t\t\t\t\t\t\t\t\t<a alt=\"\" class=\"swipebox\"  href=\"http:\/\/loricestetic.com.br\/wp-content\/uploads\/2016\/05\/certificado2.jpg\">\n\t\t\t\t\t\t\t\t<img decoding=\"async\" src=\"http:\/\/loricestetic.com.br\/wp-content\/uploads\/2016\/05\/certificado2-500x450.jpg\" class=\"gall-img-responsive\" alt=\"\">\n\t\t\t\t\t\t\t\t<div class=\"b-wrapper\">\n\t\t\t\t\t\t\t\t\t\t\t\t\t\t\t\t\t\t\t\t\t\t\t\t\t\t\t\t\t<h2 class=\"b-from-left b-animate b-delay03 wrgf-header-label\"> <\/h2>\n\t\t\t\t\t\t\t\t\t\t\t\t\t\t\t\t\t\t\t\t\t\t\t\t\t\t\t<\/div>\n\t\t\t\t\t\t\t<\/a>\n\t\t\t\t\t\t\t                    <\/div>\n\t\t\t\t\t\t\t\t\t\t\t<h4 class=\"wrgf-footer-label\"><\/h4>\n\t\t\t\t\t                <\/div>\n                        <\/div>\n        <\/div>\n\n\t<!-- swipe box-->\n\t<script type=\"text\/javascript\">\n\t;( function( jQuery ) {\n\t\tjQuery( '.swipebox' ).swipebox({\n\t\t\t\t\t\t\thideBarsDelay:0,\n\t\t\t\t\t\t\thideCloseButtonOnMobile : false,\n\t\t\t\t\t\t});\n\t} )( jQuery );\n\t\n\tjQuery('.gallery1').imagesLoaded( function(){\n\t  jQuery('.gallery1').masonry({\n\t   itemSelector: '.wl-gallery',\n\t   isAnimated: true,\n\t   isFitWidth: true\n\t  });\n\t});\n\t<\/script>\n\n    \n","protected":false},"excerpt":{"rendered":"<p>Dra. Lorice Issa Miguel\u00a0\u2013 CREFITO 3 \u2013 11.276-F \u2013\u00a0 Fisioterapeuta Formada pela UFSCar (Universidade Federal de S\u00e3o Carlos), 1990 &#8211; Diretora e proprietaria consultorio Lorice [&hellip;]<\/p>\n","protected":false},"author":1,"featured_media":0,"parent":0,"menu_order":0,"comment_status":"closed","ping_status":"closed","template":"","meta":{"footnotes":""},"class_list":["post-5","page","type-page","status-publish","hentry"],"yoast_head":"<!-- This site is optimized with the Yoast SEO plugin v26.2 - https:\/\/yoast.com\/wordpress\/plugins\/seo\/ -->\n<title>Curr\u00edculo - Lorice - Fisioterapia e Est\u00e9tica<\/title>\n<meta name=\"robots\" content=\"index, follow, max-snippet:-1, max-image-preview:large, max-video-preview:-1\" \/>\n<link rel=\"canonical\" href=\"https:\/\/loricestetic.com.br\/index.php\/curriculo\/\" \/>\n<meta property=\"og:locale\" content=\"pt_BR\" \/>\n<meta property=\"og:type\" content=\"article\" \/>\n<meta property=\"og:title\" content=\"Curr\u00edculo - Lorice - Fisioterapia e Est\u00e9tica\" \/>\n<meta property=\"og:description\" content=\"Dra. Lorice Issa Miguel\u00a0\u2013 CREFITO 3 \u2013 11.276-F \u2013\u00a0 Fisioterapeuta Formada pela UFSCar (Universidade Federal de S\u00e3o Carlos), 1990 &#8211; Diretora e proprietaria consultorio Lorice [&hellip;]\" \/>\n<meta property=\"og:url\" content=\"https:\/\/loricestetic.com.br\/index.php\/curriculo\/\" \/>\n<meta property=\"og:site_name\" content=\"Lorice - Fisioterapia e Est\u00e9tica\" \/>\n<meta property=\"article:modified_time\" content=\"2016-05-25T13:46:01+00:00\" \/>\n<meta name=\"twitter:card\" content=\"summary_large_image\" \/>\n<meta name=\"twitter:label1\" content=\"Est. tempo de leitura\" \/>\n\t<meta name=\"twitter:data1\" content=\"2 minutos\" \/>\n<script type=\"application\/ld+json\" class=\"yoast-schema-graph\">{\"@context\":\"https:\/\/schema.org\",\"@graph\":[{\"@type\":\"WebPage\",\"@id\":\"https:\/\/loricestetic.com.br\/index.php\/curriculo\/\",\"url\":\"https:\/\/loricestetic.com.br\/index.php\/curriculo\/\",\"name\":\"Curr\u00edculo - Lorice - Fisioterapia e Est\u00e9tica\",\"isPartOf\":{\"@id\":\"https:\/\/loricestetic.com.br\/#website\"},\"datePublished\":\"2015-09-16T19:02:03+00:00\",\"dateModified\":\"2016-05-25T13:46:01+00:00\",\"breadcrumb\":{\"@id\":\"https:\/\/loricestetic.com.br\/index.php\/curriculo\/#breadcrumb\"},\"inLanguage\":\"pt-BR\",\"potentialAction\":[{\"@type\":\"ReadAction\",\"target\":[\"https:\/\/loricestetic.com.br\/index.php\/curriculo\/\"]}]},{\"@type\":\"BreadcrumbList\",\"@id\":\"https:\/\/loricestetic.com.br\/index.php\/curriculo\/#breadcrumb\",\"itemListElement\":[{\"@type\":\"ListItem\",\"position\":1,\"name\":\"In\u00edcio\",\"item\":\"https:\/\/loricestetic.com.br\/\"},{\"@type\":\"ListItem\",\"position\":2,\"name\":\"Curr\u00edculo\"}]},{\"@type\":\"WebSite\",\"@id\":\"https:\/\/loricestetic.com.br\/#website\",\"url\":\"https:\/\/loricestetic.com.br\/\",\"name\":\"Lorice - Fisioterapia e Est\u00e9tica\",\"description\":\"\",\"publisher\":{\"@id\":\"https:\/\/loricestetic.com.br\/#organization\"},\"potentialAction\":[{\"@type\":\"SearchAction\",\"target\":{\"@type\":\"EntryPoint\",\"urlTemplate\":\"https:\/\/loricestetic.com.br\/?s={search_term_string}\"},\"query-input\":{\"@type\":\"PropertyValueSpecification\",\"valueRequired\":true,\"valueName\":\"search_term_string\"}}],\"inLanguage\":\"pt-BR\"},{\"@type\":\"Organization\",\"@id\":\"https:\/\/loricestetic.com.br\/#organization\",\"name\":\"Lorice - Fisioterapia e Est\u00e9tica\",\"url\":\"https:\/\/loricestetic.com.br\/\",\"logo\":{\"@type\":\"ImageObject\",\"inLanguage\":\"pt-BR\",\"@id\":\"https:\/\/loricestetic.com.br\/#\/schema\/logo\/image\/\",\"url\":\"https:\/\/loricestetic.com.br\/wp-content\/uploads\/2015\/09\/cropped-logo.png\",\"contentUrl\":\"https:\/\/loricestetic.com.br\/wp-content\/uploads\/2015\/09\/cropped-logo.png\",\"width\":160,\"height\":83,\"caption\":\"Lorice - Fisioterapia e Est\u00e9tica\"},\"image\":{\"@id\":\"https:\/\/loricestetic.com.br\/#\/schema\/logo\/image\/\"}}]}<\/script>\n<!-- \/ Yoast SEO plugin. -->","yoast_head_json":{"title":"Curr\u00edculo - Lorice - Fisioterapia e Est\u00e9tica","robots":{"index":"index","follow":"follow","max-snippet":"max-snippet:-1","max-image-preview":"max-image-preview:large","max-video-preview":"max-video-preview:-1"},"canonical":"https:\/\/loricestetic.com.br\/index.php\/curriculo\/","og_locale":"pt_BR","og_type":"article","og_title":"Curr\u00edculo - Lorice - Fisioterapia e Est\u00e9tica","og_description":"Dra. Lorice Issa Miguel\u00a0\u2013 CREFITO 3 \u2013 11.276-F \u2013\u00a0 Fisioterapeuta Formada pela UFSCar (Universidade Federal de S\u00e3o Carlos), 1990 &#8211; Diretora e proprietaria consultorio Lorice [&hellip;]","og_url":"https:\/\/loricestetic.com.br\/index.php\/curriculo\/","og_site_name":"Lorice - Fisioterapia e Est\u00e9tica","article_modified_time":"2016-05-25T13:46:01+00:00","twitter_card":"summary_large_image","twitter_misc":{"Est. tempo de leitura":"2 minutos"},"schema":{"@context":"https:\/\/schema.org","@graph":[{"@type":"WebPage","@id":"https:\/\/loricestetic.com.br\/index.php\/curriculo\/","url":"https:\/\/loricestetic.com.br\/index.php\/curriculo\/","name":"Curr\u00edculo - Lorice - Fisioterapia e Est\u00e9tica","isPartOf":{"@id":"https:\/\/loricestetic.com.br\/#website"},"datePublished":"2015-09-16T19:02:03+00:00","dateModified":"2016-05-25T13:46:01+00:00","breadcrumb":{"@id":"https:\/\/loricestetic.com.br\/index.php\/curriculo\/#breadcrumb"},"inLanguage":"pt-BR","potentialAction":[{"@type":"ReadAction","target":["https:\/\/loricestetic.com.br\/index.php\/curriculo\/"]}]},{"@type":"BreadcrumbList","@id":"https:\/\/loricestetic.com.br\/index.php\/curriculo\/#breadcrumb","itemListElement":[{"@type":"ListItem","position":1,"name":"In\u00edcio","item":"https:\/\/loricestetic.com.br\/"},{"@type":"ListItem","position":2,"name":"Curr\u00edculo"}]},{"@type":"WebSite","@id":"https:\/\/loricestetic.com.br\/#website","url":"https:\/\/loricestetic.com.br\/","name":"Lorice - Fisioterapia e Est\u00e9tica","description":"","publisher":{"@id":"https:\/\/loricestetic.com.br\/#organization"},"potentialAction":[{"@type":"SearchAction","target":{"@type":"EntryPoint","urlTemplate":"https:\/\/loricestetic.com.br\/?s={search_term_string}"},"query-input":{"@type":"PropertyValueSpecification","valueRequired":true,"valueName":"search_term_string"}}],"inLanguage":"pt-BR"},{"@type":"Organization","@id":"https:\/\/loricestetic.com.br\/#organization","name":"Lorice - Fisioterapia e Est\u00e9tica","url":"https:\/\/loricestetic.com.br\/","logo":{"@type":"ImageObject","inLanguage":"pt-BR","@id":"https:\/\/loricestetic.com.br\/#\/schema\/logo\/image\/","url":"https:\/\/loricestetic.com.br\/wp-content\/uploads\/2015\/09\/cropped-logo.png","contentUrl":"https:\/\/loricestetic.com.br\/wp-content\/uploads\/2015\/09\/cropped-logo.png","width":160,"height":83,"caption":"Lorice - Fisioterapia e Est\u00e9tica"},"image":{"@id":"https:\/\/loricestetic.com.br\/#\/schema\/logo\/image\/"}}]}},"_links":{"self":[{"href":"https:\/\/loricestetic.com.br\/index.php\/wp-json\/wp\/v2\/pages\/5","targetHints":{"allow":["GET"]}}],"collection":[{"href":"https:\/\/loricestetic.com.br\/index.php\/wp-json\/wp\/v2\/pages"}],"about":[{"href":"https:\/\/loricestetic.com.br\/index.php\/wp-json\/wp\/v2\/types\/page"}],"author":[{"embeddable":true,"href":"https:\/\/loricestetic.com.br\/index.php\/wp-json\/wp\/v2\/users\/1"}],"replies":[{"embeddable":true,"href":"https:\/\/loricestetic.com.br\/index.php\/wp-json\/wp\/v2\/comments?post=5"}],"version-history":[{"count":13,"href":"https:\/\/loricestetic.com.br\/index.php\/wp-json\/wp\/v2\/pages\/5\/revisions"}],"predecessor-version":[{"id":2159,"href":"https:\/\/loricestetic.com.br\/index.php\/wp-json\/wp\/v2\/pages\/5\/revisions\/2159"}],"wp:attachment":[{"href":"https:\/\/loricestetic.com.br\/index.php\/wp-json\/wp\/v2\/media?parent=5"}],"curies":[{"name":"wp","href":"https:\/\/api.w.org\/{rel}","templated":true}]}}